2)/(-3)?
1
Let o(r) = 47*r**2 + 1. Let z be (0 - 3/12)*-4. Let f be o(z). Suppose -4*u + 0*u = -f. What is the units digit of u?
2
Let c(q) = -67*q - 4. What is the hundreds digit of c(-2)?
1
Let f = 99 + -50. What is the tens digit of f?
4
Suppose 5*a - 15 = 5. Suppose 23 = a*r - 105. What is the tens digit of r?
3
Let b(w) = w - 8. Let y be b(12). What is the units digit of (3/y)/(1/12)?
9
Let v = -1 + -1. What is the units digit of 4*(v - (-4 - -1))?
4
Let a = 63 - 89. Let r be 1/((-74)/36 + 2). Let c = r - a. What is the units digit of c?
8
Let t be 12/54 + (-50)/(-18). Suppose -z - 19 = -3*o - t*z, 0 = -o - z + 5. What is the units digit of o?
9
Suppose 3*b = 3, 2*s + 2*s + 7 = -b. Let k be ((s - -2)/(-1))/1. Suppose 7*d - 2*d - 10 = k. What is the units digit of d?
2
Let q be (-2)/(-1 - 5/(-3)). What is the units digit of 8 - (-3 + (-6)/q)?
9
Suppose -5*w + 135 = -5*c, -2*c = 2*w - c - 60. Let b be (-177)/(-12) - 9/12. Let s = w - b. What is the tens digit of s?
1
Let g be (3 + -4)*8/(-2). Let d be (-4)/g*(-4 - 2). Suppose 2*l + 5*q - 14 = 0, 4*l + d*q - 28 = q. What is the units digit of l?
7
Let w = -8 - -5. Let y be 1*(-1 - (6 + w)). Let k = -2 - y. What is the units digit of k?
2
Suppose 25 = 5*b - 320. What is the units digit of b?
9
Suppose -4*u = 3*d - 219 - 32, 3*u = d + 198. What is the units digit of u?
5
Suppose 3*n = -2*t - 0*t, -3*n = 4*t - 6. Let l = 7 - t. What is the units digit of l?
4
Let j = 2 - -2. Suppose 9 = 3*r, 0 = -j*y + 5*r - 2*r - 1. Suppose -3*b + y*b + 3 = 0. What is the units digit of b?
3
Suppose -29 + 11 = -2*u. Suppose -4*c + 5*c = u. What is the units digit of c?
9
Let y be 1 + (0 - 2) + -7. Let q = y + 3. Let z(b) = -b**3 - 5*b**2 - 3*b - 7. What is the units digit of z(q)?
8
Let h = -18 + 8. Let v(m) = -m + 1. Let d be v(h). Suppose -27 = -2*t - d. What is the units digit of t?
8
Let j(v) = -v**2 + 5*v + 4. Let x(z) = 4*z**2 - 20*z - 17. Let i(g) = 9*j(g) + 2*x(g). What is the units digit of i(3)?
8
Let d(o) = o**3 - 2*o + 1. Let j be 48/40*(-10)/(-4). What is the tens digit of d(j)?
2
Let y(a) be the third derivative of -a**4/12 - 4*a**3/3 + 4*a**2. What is the units digit of y(-7)?
6
Suppose -4*u + 7*u = -k - 1364, 2*k = -5*u - 2272. What is the units digit of 2/3*u/(-16)?
9
What is the tens digit of (-1826)/(-110) + (12/5 - 2)?
1
Suppose 5*r + 6 = 8*r. Suppose -2*h + 4*b = -98, -r*h + 95 = -0*h - b. What is the tens digit of h?
4
Let d(a) = 2 + 0*a - 2*a + 0*a. Let m(n) = -n**2 - n. Let q be m(-2). What is the units digit of d(q)?
6
Let z(i) = i + 123. What is the tens digit of z(-26)?
9
Suppose 0 = 8*b - 289 - 1431. What is the tens digit of b?
1
Suppose 4*r + 4 = 0, 2*r = -5*u + r + 279. What is the units digit of u?
6
Let z = 4 - 3. Let o(c) = -4*c + 1. Let w(p) = p**2 - 5*p + 1. Let b(u) = -4*o(u) + 3*w(u). What is the units digit of b(z)?
3
Suppose -t - 4 = -2*t. Let z be (-2)/4 + (-2)/t. Let p = z + 6. What is the units digit of p?
5
Let s(u) = 2*u**3 - 7*u**2 - 17*u + 7. What is the units digit of s(8)?
7
Let w(r) = r**2 - 3*r. Let q be w(3). Suppose q*m + 16 = 2*u - 4*m, -5*u + 4*m = -40. What is the units digit of u?
8
Suppose 3*a = -4*o - 5 - 2, 5*o = -2*a. Suppose 2*c + o*d - 12 = 0, 3*d + d = 5*c - 75. What is the tens digit of c?
1
Let q(c) = c. What is the units digit of q(9)?
9
Let c(x) = 4*x**2 - 1. Let d be c(-1). Suppose w = -w + 4*q + 82, d*w = -3*q + 87. What is the tens digit of w?
3
Let w = -67 + 25. Let b = w - -75. What is the tens digit of b?
3
Suppose 0*b - 2*b + 16 = 3*r, 0 = -r + 2. Suppose 4*m - 18 = 4*s - 9*s, 3*s = -b*m + 16. What is the units digit of m?
2
Let h be (6/5)/(15/(-100)). Let p = 8 - h. What is the units digit of p?
6
Let g be (5/(-2))/((-2)/4). Suppose 4*t = f + 49, 57 = 3*t + 2*t + 3*f. Let x = t - g. What is the units digit of x?
7
Let u = 21 + -20. What is the units digit of 2/1 + (u - -13)?
6
Suppose 0*h + 3*h - 204 = 0. What is the units digit of h?
8
Suppose -2*f - 1 + 5 = 0. What is the units digit of (1/(-2))/((-1)/f)?
1
Let r be (6 - 7) + (-2)/(-2). Suppose -2*y + r = -28. What is the tens digit of y?
1
Let q(n) = 14*n**2 - 9*n. Let h(g) = 5*g**2 - 3*g. Let a(x) = -11*h(x) + 4*q(x). What is the units digit of a(4)?
4
Let j be 3 - 1/((-2)/6). Let u = 23 - j. What is the tens digit of u?
1
Let x(z) = -z**2 - z + 3. Let m be x(9). Let t = m - -131. Suppose 2*d = -5*s + t, -3*d = -4*s - 2*d + 30. What is the units digit of s?
8
Let i = 21 - 8. Let n = i - 6. What is the units digit of n?
7
Suppose u = -3*c + 2, 3*u - 3*c - 54 - 12 = 0. What is the tens digit of u?
1
Suppose -274 + 70 = -3*s. What is the tens digit of s?
6
Suppose -4*g + 4*p = -2*g - 52, 4*p - 38 = -g. Suppose -3*c + 4*k + 65 = 0, -3*c = -0*c + 3*k - g. What is the units digit of c?
5
What is the tens digit of (-12)/18 + 334/6?
5
Let b = 6 + 3. Let p = -13 + 8. Let t = p + b. What is the units digit of t?
4
Let z be (8/(-10))/((-4)/10). Let w(s) = 5*s - 3. What is the units digit of w(z)?
7
Let s = 6 + -6. Suppose 4*j = 2*h - 48, s = 3*h + 4*j - 9 - 23. What is the units digit of h?
6
Suppose j - 5 + 1 = 0. What is the tens digit of 42/5*10/j?
2
Let a(u) = -u + 12. Let q be a(-14). Let l = 12 + q. What is the units digit of l?
8
Let r be 7 + -2*(0 + -1). Let g = 13 - r. What is the units digit of g?
4
Let u(f) be the second derivative of 19*f**4/12 + f**3/6 + 2*f. What is the tens digit of u(1)?
2
Suppose 0 = -2*q + 30 + 16. Suppose -g = 2*v - q, 3*v = v - 5*g + 35. Suppose 6 = 2*r - v. What is the units digit of r?
8
Let y(q) = 3*q - 4. Let u(o) = -2*o + 4. Let c(r) = 4*u(r) + 3*y(r). Let b be c(-4). Let g = b - -4. What is the units digit of g?
4
Let c(l) = -l**3 - 10*l**2 + 9*l + 8. What is the tens digit of c(-11)?
3
Let l(g) = g**3 + 13*g**2 - 15*g - 4. What is the tens digit of l(-14)?
1
Suppose 0*q - 81 = -2*q - 5*a, a + 151 = 4*q. What is the units digit of q?
8
Let z be 1/6*-3*-76. Suppose -t + 10 = -k, 0 = 4*t - 5*k + 2 - z. What is the units digit of t?
4
Suppose 4*b = -j + 145, 3*j + 7*b - 413 = 6*b. What is the units digit of j?
7
Let d = -2 + 3. Let t be 2/((-2)/d) + 2. Let o = 5 + t. What is the units digit of o?
6
Suppose -2*n - 5*u + 7 = 34, 3*n = -u - 21. Let o be ((-4)/3*n)/2. Suppose -2 = -3*m + 1, -o*m + 39 = 5*w. What is the units digit of w?
7
Let l(j) = -2*j**3 - 2*j**2 + 1. Let c be l(-1). Suppose -5*w + c = -4. What is the units digit of w?
1
Suppose 0 = s - 2*s. Suppose s = -4*q + 2*q + 24. What is the units digit of q?
2
Suppose -3 = -3*s, t + 191 = 5*t - s. Let c = t + -34. What is the units digit of c?
4
Let d = -17 + 45. What is the tens digit of d?
2
Let j(f) = f**2 + f + 1. Let n(k) = 10*k**2 + 14*k + 12. Let m(w) = 12*j(w) - n(w). What is the tens digit of m(3)?
1
Suppose -340 = 3*t - 8*t. What is the tens digit of t?
6
Let f = -20 + 14. Let y(w) = w**3 + 6*w**2 + 4*w - 5. Let m be y(f). Let i = -21 - m. What is the units digit of i?
8
Suppose -d + 330 = -2*u, 3*u + 660 = 2*d - 2*u. What is the tens digit of d?
3
Suppose 2*j + 10 = 0, 3*y = -0*y - 3*j + 12. Suppose -d + y = -0*d. What is the units digit of d?
9
Suppose -104 - 6 = -5*x. Let n = 74 - x. What is the tens digit of n?
5
Let b = 0 + -2. Let q = b + 14. What is the units digit of q/(-8)*(-10)/3?
5
Let o(g) = 2*g - 6*g + g + 2*g**2 - 1 + g**3 + 3. Let z be o(3). What is the tens digit of (-5)/(-10)*z/1?
1
Let a = 14 - 6. Let j = a + -2. What is the units digit of j?
6
Let j(g) = 2*g**3 + 10*g**2 + 9*g + 13. Let n(v) = -3*v**3 - 19*v**2 - 18*v - 25. Let q(p) = -5*j(p) - 3*n(p). What is the tens digit of q(8)?
1
Suppose -1 = t - 5*z, 0*z = 3*t + z - 13. Suppose 24 = t*i + 8. What is the units digit of i?
4
Let g(s) = -73*s**3 - 1. What is the units digit of g(-1)?
2
Let q = -70 - -72. What is the units digit of q?
2
Let r(f) = f. Let c be r(2). Let t = c - 2. Suppose 4*h - 31 - 9 = t. What is the units digit of h?
0
Let d = -145 - -288. What is the hundreds digit of d?
1
Let a(v) = 15*v - 2. Let w = -10 - -12. What is the units digit of a(w)?
8
Let t = -38 - -67. What is the tens digit of t?
2
Suppose 7*i - 11 + 4 = 0. What is the units digit of i?
1
Suppose 0*u - 4*u + 5*x + 177 = 0, -u + 5*x + 63 = 0. What is the tens digit of u?
3
Let d be (-214)/(-6) + (-5)/(-15). What is the units dig